f 3951 and 117?
9
What is the greatest common divisor of 3224 and 104?
104
What is the highest common factor of 258 and 1118?
86
Calculate the highest common factor of 16766 and 166.
166
What is the greatest common divisor of 28 and 5754?
14
What is the greatest common divisor of 131208 and 84?
84
Calculate the highest common divisor of 364 and 195.
13
What is the highest common factor of 123 and 2009?
41
What is the greatest common factor of 112 and 980?
28
What is the greatest common factor of 414 and 23?
23
What is the greatest common divisor of 960 and 312?
24
Calculate the highest common divisor of 1 and 1777.
1
What is the highest common divisor of 1680 and 12040?
280
Calculate the highest common divisor of 2 and 877.
1
What is the greatest common factor of 9353 and 47?
47
What is the greatest common divisor of 168 and 432?
24
What is the greatest common factor of 34 and 986?
34
Calculate the greatest common factor of 8801 and 13.
13
What is the greatest common factor of 18848 and 248?
248
Calculate the greatest common divisor of 55 and 11.
11
Calculate the highest common factor of 2727 and 135.
27
Calculate the greatest common factor of 1096 and 8.
8
Calculate the highest common factor of 30 and 4430.
10
What is the highest common factor of 1169 and 21?
7
Calculate the highest common divisor of 1694 and 14.
14
Calculate the highest common factor of 426 and 4899.
213
Calculate the greatest common factor of 126 and 10647.
63
Calculate the greatest common factor of 230 and 1840.
230
What is the highest common factor of 208 and 18?
2
What is the highest common factor of 1159 and 19?
19
What is the greatest common divisor of 5800 and 3016?
232
Calculate the greatest common factor of 4004 and 44.
44
What is the greatest common divisor of 34 and 1547?
17
What is the greatest common divisor of 9 and 3513?
3
What is the highest common factor of 15615 and 45?
45
What is the greatest common divisor of 15 and 1780?
5
What is the greatest common factor of 57 and 9?
3
Calculate the highest common divisor of 29 and 464.
29
Calculate the highest common divisor of 3312 and 32.
16
What is the highest common factor of 407 and 11?
11
Calculate the highest common divisor of 135 and 15.
15
Calculate the highest common factor of 598 and 377.
13
What is the highest common factor of 1072 and 16?
16
What is the highest common factor of 4527 and 6?
3
What is the greatest common factor of 188 and 25709?
47
What is the greatest common factor of 340 and 30?
10
What is the greatest common divisor of 529 and 23?
23
What is the greatest common divisor of 288 and 63?
9
Calculate the greatest common factor of 37 and 71743.
37
What is the greatest common factor of 308 and 77?
77
What is the highest common factor of 345 and 3243?
69
What is the greatest common factor of 1600 and 25?
25
Calculate the greatest common divisor of 31 and 13361.
31
What is the highest common factor of 9275 and 25?
25
What is the greatest common factor of 86 and 11911?
43
Calculate the highest common divisor of 5943 and 42.
21
Calculate the greatest common factor of 40 and 64.
8
What is the greatest common divisor of 668 and 501?
167
Calculate the greatest common divisor of 6080 and 190.
190
Calculate the highest common factor of 11 and 2112.
11
What is the greatest common divisor of 107 and 3424?
107
Calculate the highest common factor of 7880 and 40.
40
What is the highest common factor of 104 and 32?
8
Calculate the greatest common factor of 4379 and 151.
151
Calculate the greatest common divisor of 157 and 10519.
157
Calculate the highest common factor of 32 and 56.
8
What is the greatest common divisor of 27579 and 87?
87
What is the greatest common factor of 22 and 40?
2
Calculate the highest common divisor of 60 and 15000.
60
Calculate the greatest common factor of 360 and 126.
18
Calculate the greatest common divisor of 12 and 9288.
12
Calculate the greatest common factor of 21746 and 262.
262
What is the highest common factor of 24249 and 177?
177
What is the highest common divisor of 74 and 18574?
74
Calculate the highest common divisor of 1236 and 6.
6
What is the highest common divisor of 34 and 153?
17
What is the highest common factor of 198 and 126?
18
What is the greatest common factor of 1 and 79?
1
Calculate the greatest common factor of 86 and 731.
43
Calculate the highest common factor of 712 and 8.
8
What is the greatest common factor of 54 and 603?
9
What is the highest common factor of 588 and 204?
12
What is the greatest common divisor of 22 and 40733?
11
What is the greatest common divisor of 4 and 97?
1
Calculate the highest common factor of 61 and 1037.
61
Calculate the highest common divisor of 63 and 144.
9
What is the highest common divisor of 28241 and 62?
31
Calculate the highest common factor of 12 and 3.
3
Calculate the highest common divisor of 190 and 1178.
38
What is the greatest common divisor of 26 and 39?
13
Calculate the greatest common divisor of 36 and 4068.
36
Calculate the greatest common factor of 325 and 50.
25
What is the greatest common divisor of 414 and 506?
46
Calculate the highest common divisor of 200 and 700.
100
What is the highest common divisor of 200 and 40?
40
What is the highest common divisor of 516 and 5848?
172
What is the greatest common factor of 93 and 620?
31
What is the highest common factor of 582 and 30?
6
What is the greatest common factor of 3 and 10932?
3
What is the highest common divisor of 896 and 28?
28
What is the highest common divisor of 176 and 768?
16
What is the greatest common factor of 544 and 748?
68
Calculate the greatest common factor of 2485 and 781.
71
What is the greatest common factor of 2597 and 49?
49
What is the highest common divisor of 375 and 165?
15
What is the highest common factor of 2191 and 7?
7
What is the highest common factor of 351 and 52?
13
Calculate the highest common divisor of 91 and 559.
13
Calculate the greatest common divisor of 35 and 65.
5
What is the highest common divisor of 5642 and 364?
182
What is the greatest common factor of 20 and 9260?
20
What is the greatest common factor of 50 and 30?
10
Calculate the greatest common divisor of 41148 and 72.
36
Calculate the highest common divisor of 851 and 46.
23
Calculate the highest common divisor of 1457 and 31.
31
What is the highest common factor of 37 and 13283?
37
What is the highest common divisor of 14 and 4?
2
Calculate the highest common divisor of 872 and 8175.
109
Calculate the highest common divisor of 973 and 7.
7
Calculate the highest common factor of 44200 and 408.
136
Calculate the greatest common factor of 79 and 1.
1
What is the highest common factor of 352 and 48?
16
What is the highest common divisor of 152 and 342?
38
What is the greatest common factor of 1596 and 2052?
228
What is the greatest common factor of 3595 and 5?
5
What is the greatest common divisor of 5620 and 843?
281
What is the greatest common divisor of 119 and 1211?
7
Calculate the highest common factor of 218 and 9483.
109
What is the greatest common factor of 580 and 812?
116
Calculate the highest common factor of 7254 and 117.
117
What is the highest common divisor of 598 and 46?
46
What is the greatest common divisor of 133 and 231?
7
Calculate the greatest common divisor of 48 and 276.
12
What is the highest common divisor of 41 and 343?
1
Calculate the highest common divisor of 5993 and 169.
13
Calculate the greatest common factor of 45 and 129.
3
What is the greatest common divisor of 180 and 828?
36
Calculate the highest common divisor of 82 and 2.
2
Calculate the highest common factor of 340 and 136.
68
What is the highest common factor of 452 and 16?
4
Calculate the greatest common factor of 12 and 2208.
12
Calculate the highest common factor of 495 and 44.
11
What is the highest common divisor of 302 and 4681?
151
What is the greatest common divisor of 800 and 950?
50
Calculate the highest common factor of 25 and 5.
5
What is the highest common factor of 119 and 5117?
119
Calculate the highest common factor of 70059 and 363.
363
What is the highest common factor of 3839 and 44?
11
What is the greatest common factor of 54 and 513?
27
Calculate the greatest common factor of 746 and 4103.
373
What is the greatest common factor of 16